 3*i - 4*u, u - 246 - 167 = 3*i. Let l = i + 197. List the prime factors of l.
2, 29
Let u(q) = q**3 + 2*q**2 - 4*q + 3. Let k be u(-3). Let g = k + 61. What are the prime factors of g?
67
Let k = -105 + 603. Suppose 5*d = -98 + k. List the prime factors of d.
2, 5
Let p = -13 - -144. What are the prime factors of p?
131
Let g = 484 + -391. List the prime factors of g.
3, 31
Suppose 3*r - 2*r + 4*f = 105, -4*r + 2*f = -510. Suppose -r = -2*a + 51. What are the prime factors of a?
2, 11
Let s = -412 + 541. What are the prime factors of s?
3, 43
Let u(y) = y**2 + 0*y**2 - 9 + 7 + y - 7. What are the prime factors of u(-4)?
3
Let a be ((-4)/5)/(13/(-6500)). Suppose 2*n - 120 = -4*k, -5*n - 136 + a = k. What are the prime factors of n?
2, 13
Let z be (804/36)/((-2)/(-6)). Suppose 15*k - z = 14*k. What are the prime factors of k?
67
Suppose 7*v + 32 - 4 = 0. Let h(y) = 6*y**2 + 7*y + 8. List the prime factors of h(v).
2, 19
Let g be (-2)/16 - 114/(-16). Suppose 0*s + 3*i + g = -2*s, 5*i + 13 = -3*s. List the prime factors of s.
2
Let l(x) = -131*x - 82. What are the prime factors of l(-5)?
3, 191
Suppose -5 = -y + 2*y. Let a = 2 + y. List the prime factors of 24*(6/(-4))/a.
2, 3
Let q(m) = m**3 + 5*m**2 - m. Let x be q(-5). Suppose x*z = z + 1620. What are the prime factors of z/7 - 7/(-49)?
2, 29
Let d(u) = -u**2 - u + 13. Let p be d(-5). Let l(k) = k**2 - k + 13. What are the prime factors of l(p)?
3, 23
Suppose c = 8*c - 7350. List the prime factors of c.
2, 3, 5, 7
Suppose 8*g - 753 = 7767. List the prime factors of g.
3, 5, 71
Let f(n) = n + 10. Let s be f(-5). List the prime factors of ((-4)/s)/((-22)/165).
2, 3
Suppose 52 + 29 = 9*z. Let k(l) = 19*l - 29. What are the prime factors of k(z)?
2, 71
Let l(c) = 819*c**2 + 27*c - 26. List the prime factors of l(1).
2, 5, 41
Let z(y) = 2 + 3*y + 0 - y + 2 + y**2. Let t be z(-8). Suppose 2*r - 6*r + t = 0. What are the prime factors of r?
13
Let h(q) = q**2 + 3*q + 4. Let s be h(-3). Suppose s*t = -0*t + 8. Suppose 0 = t*n - 4*n + 70. List the prime factors of n.
5, 7
Let l be ((-3)/5)/(2*4/(-80)). Suppose l*h + 170 = 416. List the prime factors of h.
41
Let x(c) = -3*c**2 + 6 + c**3 + 4*c**2 + 5*c**2 + 5*c. List the prime factors of x(-5).
2, 3
Suppose x - 5*x = -12. Suppose x*d + 77 = 2*i, -3*d = 5*i - d - 183. What are the prime factors of i?
37
What are the prime factors of 0 + (1 + 5/20)*96?
2, 3, 5
Let c be -1 + 4/4 + 3. Suppose -4*a = -3*a + c, 3*a - 56 = -5*f. What are the prime factors of f?
13
Let u = 19 - 33. Let p be 2/(-3)*(5 + u). List the prime factors of 254/p - (-6)/(-18).
2, 3, 7
Let i(k) = -2*k**3 - 3*k**2 - k - 1. Let q be i(-2). Suppose 2*n = -3*x + 4*n - q, -5*x - 2*n - 3 = 0. What are the prime factors of (-31)/((-3 - -4)*x)?
31
Let z(n) be the first derivative of -n**4/4 - 13*n**3/3 - 13*n**2/2 + 12*n - 4. Let m be z(-12). Suppose 2*c = -c + m. What are the prime factors of c?
2
Let z = 0 - 1. Let q(i) = 4*i**2 + i + 4. Let h(o) = 9*o**2 + 2*o + 7. Let c(g) = 3*h(g) - 5*q(g). What are the prime factors of c(z)?
7
Let t = -325 - -465. Suppose -11*s = -4*s - t. List the prime factors of s.
2, 5
Suppose 5*q = -5*i + 6919 - 269, -4*q + 6652 = 5*i. What are the prime factors of i?
2, 3, 37
Suppose -2*l + 9 = -p - 0, 19 = -3*p + 4*l. What are the prime factors of 130/5 + 0 + p?
5
Suppose 3*b - 4*g = g + 821, 4*g + 4 = 0. Suppose 114*s = 118*s - b. What are the prime factors of s?
2, 17
Suppose -9058 = 15*j - 29*j. What are the prime factors of j?
647
Let l = -6469 + 10208. What are the prime factors of l?
3739
Let l(o) = 17*o + 11. Let h be l(-5). Let v = 117 + h. What are the prime factors of v?
43
Let y = 195 - -3110. What are the prime factors of y?
5, 661
Let n = -2537 - -5806. What are the prime factors of n?
7, 467
List the prime factors of ((-178)/8*-18)/(2/4).
3, 89
Suppose 2*v = 5*q + 20, -q - q - 8 = -4*v. What are the prime factors of (q/16)/(-1) + (-663)/(-4)?
2, 83
Let r(i) = -i**3 - i**2 - 9*i - 20. Let h(o) = -o**3 - 2*o**2 - 9*o - 19. Let q(n) = 6*h(n) - 5*r(n). List the prime factors of q(-8).
2, 61
Let p(a) be the second derivative of 13*a**3/3 - 2*a**2 - 33*a. List the prime factors of p(5).
2, 3, 7
Let o(c) = c - 1. Let k(s) = 8*s - 5. Let h(l) = -2*k(l) + 14*o(l). Let i be h(3). What are the prime factors of 4/i + 1309/85?
3, 5
Let t(k) = -43*k + 193. List the prime factors of t(-36).
1741
Let m = 4 - -31. Let c(u) = -9*u - 5*u**2 - 1 - m*u**3 - 3*u**2 + 34*u**3. What are the prime factors of c(-7)?
13
Let d(z) = z**3 - 5*z**2. Let w be d(4). Let f = 78 - 43. Let i = w + f. What are the prime factors of i?
19
Let s be ((-2)/5)/((-5)/300). What are the prime factors of 538/8 + (-6)/s?
67
Suppose -1200 = -30*v + 25*v. List the prime factors of v.
2, 3, 5
Let f = 23 + -14. Suppose a - 1 + f = 4*p, 0 = -p - 5*a + 2. Suppose -p*s = -42 - 10. What are the prime factors of s?
2, 13
List the prime factors of (-17000)/(-30) + (-3)/(18/4).
2, 283
What are the prime factors of (-6)/((-54)/45) - -1055*1?
2, 5, 53
Suppose 0 = 3*j + 226 + 131. Let b = j - -215. List the prime factors of b.
2, 3
Let d be 5 + (-9)/(4 + -1). Suppose -2*z - z + d*h = -356, 2*z = 5*h + 252. Suppose 2*f - z = -38. What are the prime factors of f?
3, 13
Let z(d) = d**3 - 3*d**2 + 6*d. Let p be ((-1)/3)/((-6)/72). What are the prime factors of z(p)?
2, 5
Let o(l) = -4*l**3 + l**2 + l - 2. What are the prime factors of o(-4)?
2, 7, 19
Let r(h) = h**3 - 11*h**2 - 11*h - 1. Let k be r(12). Suppose 0 = 14*y - 10*y - 116. Let o = y - k. List the prime factors of o.
2, 3
Let l(z) = 3*z**3 - 35*z**2 + 20*z + 2. List the prime factors of l(15).
2, 11, 29
Let l = -119 - -81. Let m = 41 + l. Suppose -m*u + 52 = 2*w, 8*u - 91 = 3*u + w. List the prime factors of u.
2, 3
Let r be ((-2)/(-4))/(4/104). Suppose 5*s - 93 = -r. Let u = s + 36. List the prime factors of u.
2, 13
Suppose -1175 = -5*i - 3*f, 0*i - 5*f - 263 = -i. What are the prime factors of i?
2, 7, 17
Let q = 27 + -33. Let c = 8 - q. Suppose -3*o + c = -70. List the prime factors of o.
2, 7
Suppose 5*l = 4*y - 9, -3*l + 2 = 2*y + 3. Suppose 0*a - 3*t + 13 = 2*a, 2*a - t - 1 = 0. List the prime factors of a - (l - 12*2).
3
Let a(o) = -o**2 + 12*o - 17. Let z be a(4). Suppose -5*d = -z - 65. List the prime factors of d.
2
Let q = 171 + -261. Let k = q - -135. What are the prime factors of k?
3, 5
List the prime factors of -2 + -3 - (-363 + 4).
2, 3, 59
Suppose 4*h = -3*f + 3167, -4*f + 4866 = 5*h + 906. List the prime factors of h.
2, 197
Let i(y) = -5*y - 4*y + y**2 + 2*y - 12 + 3. List the prime factors of i(10).
3, 7
Suppose 0 = -v - 5*i + 15, -2*i + 7*i = 2*v. What are the prime factors of v?
5
Let r = 61 - 36. Suppose 8 = -2*i + 2*f + 4, 0 = 5*f + r. Let z = i - -17. What are the prime factors of z?
2, 5
Suppose 2*b + 4*q + 168 - 658 = 0, 4*q = 4*b - 1028. List the prime factors of b.
11, 23
Suppose 3*f - 11 = 2*o, -f + 5*o = 4*f - 20. Suppose -3*c + 24 = f*n - 6, -n + 5 = 0. Suppose c*t + 0*t - 310 = 0. What are the prime factors of t?
2, 31
Suppose -19 = 4*m + 425. Let h = m - -141. What are the prime factors of h?
2, 3, 5
Let k(i) = -169*i - 3. Let y be k(-1). Let t = -94 + y. What are the prime factors of t?
2, 3
Let h = -3399 - -8631. What are the prime factors of h?
2, 3, 109
Let k = -73 - -847. What are the prime factors of k?
2, 3, 43
Let n(g) = -184*g - 82. List the prime factors of n(-33).
2, 5, 599
Let b be 931/(-21) - (-3)/9. Let p be 2/5 + 264/(-10). Let j = p - b. List the prime factors of j.
2, 3
Let a(p) = p + 4. Let l = -34 + 55. Let h = l - 12. List the prime factors of a(h).
13
Let k(t) be the third derivative of t**5/2 - t**4/24 + t**3/6 - 4*t**2. List the prime factors of k(-2).
3, 41
Suppose -g + 5*g + 518 = n, 3*g + 392 = -n. Let b = -64 - g. What are the prime factors of b?
2, 3, 11
Let i(f) = -f**2 + 8*f + 12. Let h be i(9). Suppose 2*q + 9 = a - 0*q, 0 = 2*a - h*q - 15. Suppose 79 = a*o + 4. List the prime factors of o.
5
Let v(s) = 3*s**2 + 7*s + 6. Suppose 3 - 8 = -3*k - 2*r, -4*r - 14 = -2*k. Let i be (-26)/4 + k/2. What are the prime factors of v(i)?
2, 23
Let c(t) = t**2 + 2*t + 12. Let o be c(5). Let g = 40 + o. What are the prime factors of g?
3, 29
Suppose -2*a + 15 - 5 = 2*j, a + 4*j = 20. Suppose 3*g - 24